 is the hundreds digit of 7160?
1
What is the thousands digit of 3801?
3
What is the thousands digit of 8976?
8
What is the thousands digit of 3630?
3
What is the units digit of 2603?
3
What is the tens digit of 89965?
6
What is the hundreds digit of 2482?
4
What is the tens digit of 1319?
1
What is the hundreds digit of 176?
1
What is the thousands digit of 1813?
1
What is the units digit of 62?
2
What is the hundreds digit of 7474?
4
What is the tens digit of 31292?
9
What is the ten thousands digit of 133288?
3
What is the tens digit of 636?
3
What is the thousands digit of 28789?
8
What is the hundreds digit of 7113?
1
What is the units digit of 21303?
3
What is the tens digit of 18000?
0
What is the ten thousands digit of 85822?
8
What is the hundreds digit of 3878?
8
What is the units digit of 154?
4
What is the hundreds digit of 1254?
2
What is the tens digit of 2639?
3
What is the units digit of 8930?
0
What is the tens digit of 755?
5
What is the tens digit of 1007?
0
What is the tens digit of 254?
5
What is the hundreds digit of 3393?
3
What is the thousands digit of 9230?
9
What is the units digit of 1833?
3
What is the thousands digit of 5812?
5
What is the hundreds digit of 54859?
8
What is the hundreds digit of 99941?
9
What is the hundreds digit of 10817?
8
What is the tens digit of 12858?
5
What is the tens digit of 406?
0
What is the hundreds digit of 114387?
3
What is the units digit of 82591?
1
What is the units digit of 385?
5
What is the thousands digit of 11052?
1
What is the units digit of 12108?
8
What is the hundreds digit of 1902?
9
What is the tens digit of 732?
3
What is the units digit of 480?
0
What is the units digit of 3274?
4
What is the units digit of 2406?
6
What is the hundred thousands digit of 134458?
1
What is the tens digit of 1273?
7
What is the tens digit of 2207?
0
What is the hundreds digit of 610?
6
What is the units digit of 8157?
7
What is the tens digit of 60032?
3
What is the tens digit of 95332?
3
What is the tens digit of 21?
2
What is the thousands digit of 4430?
4
What is the hundreds digit of 159196?
1
What is the units digit of 5204?
4
What is the ten thousands digit of 46244?
4
What is the tens digit of 125109?
0
What is the thousands digit of 153932?
3
What is the tens digit of 24745?
4
What is the tens digit of 1443?
4
What is the hundreds digit of 123637?
6
What is the hundreds digit of 22990?
9
What is the tens digit of 136724?
2
What is the tens digit of 410?
1
What is the tens digit of 35798?
9
What is the units digit of 2153?
3
What is the thousands digit of 1046?
1
What is the hundreds digit of 52033?
0
What is the tens digit of 50763?
6
What is the ten thousands digit of 87522?
8
What is the thousands digit of 13639?
3
What is the tens digit of 1751?
5
What is the tens digit of 2495?
9
What is the ten thousands digit of 22321?
2
What is the tens digit of 2047?
4
What is the ten thousands digit of 65451?
6
What is the hundreds digit of 111?
1
What is the thousands digit of 2851?
2
What is the hundreds digit of 4969?
9
What is the tens digit of 3131?
3
What is the units digit of 37284?
4
What is the units digit of 684?
4
What is the tens digit of 7136?
3
What is the thousands digit of 2373?
2
What is the hundreds digit of 12250?
2
What is the ten thousands digit of 26121?
2
What is the thousands digit of 5442?
5
What is the hundreds digit of 26484?
4
What is the units digit of 6906?
6
What is the tens digit of 463?
6
What is the tens digit of 64200?
0
What is the ten thousands digit of 38487?
3
What is the hundreds digit of 3968?
9
What is the ten thousands digit of 17139?
1
What is the hundreds digit of 15326?
3
What is the units digit of 3741?
1
What is the hundreds digit of 59413?
4
What is the units digit of 59?
9
What is the tens digit of 660?
6
What is the hundreds digit of 1857?
8
What is the thousands digit of 1197?
1
What is the units digit of 19755?
5
What is the tens digit of 234?
3
What is the hundreds digit of 6954?
9
What is the ten thousands digit of 90651?
9
What is the tens digit of 439?
3
What is the hundreds digit of 3331?
3
What is the thousands digit of 84900?
4
What is the thousands digit of 2011?
2
What is the hundreds digit of 1551?
5
What is the tens digit of 338?
3
What is the tens digit of 7785?
8
What is the hundreds digit of 208?
2
What is the ten thousands digit of 27812?
2
What is the hundreds digit of 4379?
3
What is the hundreds digit of 2746?
7
What is the tens digit of 5069?
6
What is the hundreds digit of 13440?
4
What is the tens digit of 1521?
2
What is the tens digit of 2139?
3
What is the units digit of 2079?
9
What is the hundreds digit of 4554?
5
What is the units digit of 62?
2
What is the thousands digit of 25699?
5
What is the thousands digit of 13109?
3
What is the tens digit of 43985?
8
What is the tens digit of 573?
7
What is the tens digit of 35603?
0
What is the units digit of 510?
0
What is the hundreds digit of 675?
6
What is the tens digit of 634?
3
What is the units digit of 82383?
3
What is the tens digit of 28277?
7
What is the ten thousands digit of 19580?
1
What is the tens digit of 25864?
6
What is the thousands digit of 3076?
3
What is the tens digit of 695?
9
What is the hundreds digit of 3193?
1
What is the units digit of 5282?
2
What is the tens digit of 175?
7
What is the units digit of 522?
2
What is the ten thousands digit of 21933?
2
What is the thousands digit of 2284?
2
What is the units digit of 526?
6
What is the units digit of 19654?
4
What is the units digit of 62418?
8
What is the thousands digit of 6953?
6
What is the hundreds digit of 477?
4
What is the units digit of 5910?
0
What is the hundreds digit of 6436?
4
What is the tens digit of 30895?
9
What is the hundreds digit of 400?
4
What is the thousands digit of 8069?
8
What is the tens digit of 923?
2
What is the tens digit of 176?
7
What is the tens digit of 1312?
1
What is the tens digit of 583?
8
What is the tens digit of 58578?
7
What is the hundreds digit of 583?
5
What is the hundreds digit of 5881?
8
What is the units digit of 1191?
1
What is the units digit of 4136?
6
What is the thousands digit of 9581?
9
What is the hundreds digit of 41066?
0
What is the tens digit of 88964?
6
What is the hundreds digit of 31324?
3
What is the hundreds digit of 1101?
1
What is the thousands digit of 121875?
1
What is the hundreds digit of 645?
6
What is the hundreds digit of 4419?
4
What is the units digit of 2997?
7
What is the ten thousands digit of 26767?
2
What is the thousands digit of 7225?
7
What is the thousands digit of 127877?
7
What is the units digit of 41506?
6
What is the hundreds digit of 65571?
5
What is the hundreds digit of 254?
2
What is the tens digit of 586?
8
What is the units digit of 29?
9
What is the tens digit of 44756?
5
What is the thousands digit of 48317?
8
What is the units digit of 58478?
8
What is the tens digit of 4077?
7
What is the tens digit of 16161?
6
What is the ten thousands digit of 28930?
2
What is the tens digit of 3462?
6
What is the units digit of 417?
7
What is the hundreds digit of 668?
6
What is the tens digit of 1338?
3
What is the tens digit of 1324?
2
What is the hundreds digit of 1455?
4
What is the units digit of 14431?
1
What is the units digit of 434?
4
What is the tens digit of 27550?
5
What is the hundreds digit of 3103?
1
What is the units digit of 2064?
4
What is the hundreds digit of 2574?
5
What is the tens digit of 11816?
1
What is the ten thousands digit of 11335?
1
What is the units digit of 55155?
5
What is the thousands digit of 2205?
2
What is the units digit of 3208?
8
What is the units digit of 287?
7
What is the thousands digit of 179708?
9
What is the units digit of 30728?
8
What is the units digit of 4039?
9
What is the units digit of 3598?
8
What is the hundreds digit of 93828?
8
What is the hundreds digit of 201?
2
What is the thousands digit of 9437?
9
What is the thousands digit of 6567?
6
What is the tens digit of 32581?
8
What is the units digit of 536?
6
What is the thousands digit of 5049?
5
What is the hundreds digit of 5770?
7
What is the units digit of 1969?
9
What is the units digit of 337?
7
What is the hundreds digit of 3057?
0
What is the hundreds digit of 50405?
4
What